{"id":329,"date":"2019-11-27T18:08:02","date_gmt":"2019-11-27T17:08:02","guid":{"rendered":"https:\/\/echophilparis.fr\/?page_id=329"},"modified":"2021-11-30T15:48:16","modified_gmt":"2021-11-30T14:48:16","slug":"adhesion-a-lorchestre","status":"publish","type":"page","link":"https:\/\/echophilparis.fr\/?page_id=329","title":{"rendered":"Adh\u00e9sion \u00e0 l&rsquo;orchestre"},"content":{"rendered":"<div class=\"pbs-main-wrapper\"><p><br \/>\n<iframe id=\"haWidget\" allowtransparency=\"true\" src=\"https:\/\/www.helloasso.com\/associations\/echo-philharmonique-paris\/adhesions\/adhesion-echo-philharmonique-rentree-2020\/widget-bouton\" style=\"width: 100%; height: 70px; border: none;\"><\/iframe><br \/>\n<\/p>\n<\/div>","protected":false},"excerpt":{"rendered":"","protected":false},"author":2,"featured_media":0,"parent":15,"menu_order":0,"comment_status":"closed","ping_status":"closed","template":"","meta":{"_exactmetrics_skip_tracking":false,"_exactmetrics_sitenote_active":false,"_exactmetrics_sitenote_note":"","_exactmetrics_sitenote_category":0,"footnotes":""},"class_list":["post-329","page","type-page","status-publish","hentry"],"yoast_head":"<!-- This site is optimized with the Yoast SEO plugin v27.4 - https:\/\/yoast.com\/product\/yoast-seo-wordpress\/ -->\n<title>Adh\u00e9sion \u00e0 l&#039;orchestre - L&#039;\u00c9cho Philharmonique \u00ab\u00a0Paris\u00a0\u00bb<\/title>\n<meta name=\"description\" content=\"Page de r\u00e8glement des adh\u00e9sions \u00e0 l&#039;Echo Philharmonique Paris\" \/>\n<meta name=\"robots\" content=\"index, follow, max-snippet:-1, max-image-preview:large, max-video-preview:-1\" \/>\n<link rel=\"canonical\" href=\"https:\/\/echophilparis.fr\/?page_id=329\" \/>\n<meta property=\"og:locale\" content=\"fr_FR\" \/>\n<meta property=\"og:type\" content=\"article\" \/>\n<meta property=\"og:title\" content=\"Adh\u00e9sion \u00e0 l&#039;orchestre - L&#039;\u00c9cho Philharmonique \u00ab\u00a0Paris\u00a0\u00bb\" \/>\n<meta property=\"og:description\" content=\"Page de r\u00e8glement des adh\u00e9sions \u00e0 l&#039;Echo Philharmonique Paris\" \/>\n<meta property=\"og:url\" content=\"https:\/\/echophilparis.fr\/?page_id=329\" \/>\n<meta property=\"og:site_name\" content=\"L&#039;\u00c9cho Philharmonique \u00ab\u00a0Paris\u00a0\u00bb\" \/>\n<meta property=\"article:publisher\" content=\"https:\/\/fr-fr.facebook.com\/EchoPhilharmoniqueParis\/\" \/>\n<meta property=\"article:modified_time\" content=\"2021-11-30T14:48:16+00:00\" \/>\n<meta name=\"twitter:card\" content=\"summary_large_image\" \/>\n<script type=\"application\/ld+json\" class=\"yoast-schema-graph\">{\"@context\":\"https:\\\/\\\/schema.org\",\"@graph\":[{\"@type\":\"WebPage\",\"@id\":\"https:\\\/\\\/echophilparis.fr\\\/?page_id=329\",\"url\":\"https:\\\/\\\/echophilparis.fr\\\/?page_id=329\",\"name\":\"Adh\u00e9sion \u00e0 l'orchestre - L&#039;\u00c9cho Philharmonique \u00ab\u00a0Paris\u00a0\u00bb\",\"isPartOf\":{\"@id\":\"https:\\\/\\\/echophilparis.fr\\\/#website\"},\"datePublished\":\"2019-11-27T17:08:02+00:00\",\"dateModified\":\"2021-11-30T14:48:16+00:00\",\"description\":\"Page de r\u00e8glement des adh\u00e9sions \u00e0 l'Echo Philharmonique Paris\",\"breadcrumb\":{\"@id\":\"https:\\\/\\\/echophilparis.fr\\\/?page_id=329#breadcrumb\"},\"inLanguage\":\"fr-FR\",\"potentialAction\":[{\"@type\":\"ReadAction\",\"target\":[\"https:\\\/\\\/echophilparis.fr\\\/?page_id=329\"]}]},{\"@type\":\"BreadcrumbList\",\"@id\":\"https:\\\/\\\/echophilparis.fr\\\/?page_id=329#breadcrumb\",\"itemListElement\":[{\"@type\":\"ListItem\",\"position\":1,\"name\":\"Accueil\",\"item\":\"https:\\\/\\\/echophilparis.fr\\\/\"},{\"@type\":\"ListItem\",\"position\":2,\"name\":\"Nous rejoindre !\",\"item\":\"https:\\\/\\\/echophilparis.fr\\\/\"},{\"@type\":\"ListItem\",\"position\":3,\"name\":\"Adh\u00e9sion \u00e0 l&#8217;orchestre\"}]},{\"@type\":\"WebSite\",\"@id\":\"https:\\\/\\\/echophilparis.fr\\\/#website\",\"url\":\"https:\\\/\\\/echophilparis.fr\\\/\",\"name\":\"\u00c9cho Philharmonique\u00a0Paris\",\"description\":\"Orchestre symphonique amateur\",\"publisher\":{\"@id\":\"https:\\\/\\\/echophilparis.fr\\\/#organization\"},\"potentialAction\":[{\"@type\":\"SearchAction\",\"target\":{\"@type\":\"EntryPoint\",\"urlTemplate\":\"https:\\\/\\\/echophilparis.fr\\\/?s={search_term_string}\"},\"query-input\":{\"@type\":\"PropertyValueSpecification\",\"valueRequired\":true,\"valueName\":\"search_term_string\"}}],\"inLanguage\":\"fr-FR\"},{\"@type\":\"Organization\",\"@id\":\"https:\\\/\\\/echophilparis.fr\\\/#organization\",\"name\":\"L'\u00c9cho Philharmonique \u00ab Paris \u00bb\",\"url\":\"https:\\\/\\\/echophilparis.fr\\\/\",\"logo\":{\"@type\":\"ImageObject\",\"inLanguage\":\"fr-FR\",\"@id\":\"https:\\\/\\\/echophilparis.fr\\\/#\\\/schema\\\/logo\\\/image\\\/\",\"url\":\"\",\"contentUrl\":\"\",\"caption\":\"L'\u00c9cho Philharmonique \u00ab Paris \u00bb\"},\"image\":{\"@id\":\"https:\\\/\\\/echophilparis.fr\\\/#\\\/schema\\\/logo\\\/image\\\/\"},\"sameAs\":[\"https:\\\/\\\/fr-fr.facebook.com\\\/EchoPhilharmoniqueParis\\\/\"]}]}<\/script>\n<!-- \/ Yoast SEO plugin. -->","yoast_head_json":{"title":"Adh\u00e9sion \u00e0 l'orchestre - L&#039;\u00c9cho Philharmonique \u00ab\u00a0Paris\u00a0\u00bb","description":"Page de r\u00e8glement des adh\u00e9sions \u00e0 l'Echo Philharmonique Paris","robots":{"index":"index","follow":"follow","max-snippet":"max-snippet:-1","max-image-preview":"max-image-preview:large","max-video-preview":"max-video-preview:-1"},"canonical":"https:\/\/echophilparis.fr\/?page_id=329","og_locale":"fr_FR","og_type":"article","og_title":"Adh\u00e9sion \u00e0 l'orchestre - L&#039;\u00c9cho Philharmonique \u00ab\u00a0Paris\u00a0\u00bb","og_description":"Page de r\u00e8glement des adh\u00e9sions \u00e0 l'Echo Philharmonique Paris","og_url":"https:\/\/echophilparis.fr\/?page_id=329","og_site_name":"L&#039;\u00c9cho Philharmonique \u00ab\u00a0Paris\u00a0\u00bb","article_publisher":"https:\/\/fr-fr.facebook.com\/EchoPhilharmoniqueParis\/","article_modified_time":"2021-11-30T14:48:16+00:00","twitter_card":"summary_large_image","schema":{"@context":"https:\/\/schema.org","@graph":[{"@type":"WebPage","@id":"https:\/\/echophilparis.fr\/?page_id=329","url":"https:\/\/echophilparis.fr\/?page_id=329","name":"Adh\u00e9sion \u00e0 l'orchestre - L&#039;\u00c9cho Philharmonique \u00ab\u00a0Paris\u00a0\u00bb","isPartOf":{"@id":"https:\/\/echophilparis.fr\/#website"},"datePublished":"2019-11-27T17:08:02+00:00","dateModified":"2021-11-30T14:48:16+00:00","description":"Page de r\u00e8glement des adh\u00e9sions \u00e0 l'Echo Philharmonique Paris","breadcrumb":{"@id":"https:\/\/echophilparis.fr\/?page_id=329#breadcrumb"},"inLanguage":"fr-FR","potentialAction":[{"@type":"ReadAction","target":["https:\/\/echophilparis.fr\/?page_id=329"]}]},{"@type":"BreadcrumbList","@id":"https:\/\/echophilparis.fr\/?page_id=329#breadcrumb","itemListElement":[{"@type":"ListItem","position":1,"name":"Accueil","item":"https:\/\/echophilparis.fr\/"},{"@type":"ListItem","position":2,"name":"Nous rejoindre !","item":"https:\/\/echophilparis.fr\/"},{"@type":"ListItem","position":3,"name":"Adh\u00e9sion \u00e0 l&#8217;orchestre"}]},{"@type":"WebSite","@id":"https:\/\/echophilparis.fr\/#website","url":"https:\/\/echophilparis.fr\/","name":"\u00c9cho Philharmonique\u00a0Paris","description":"Orchestre symphonique amateur","publisher":{"@id":"https:\/\/echophilparis.fr\/#organization"},"potentialAction":[{"@type":"SearchAction","target":{"@type":"EntryPoint","urlTemplate":"https:\/\/echophilparis.fr\/?s={search_term_string}"},"query-input":{"@type":"PropertyValueSpecification","valueRequired":true,"valueName":"search_term_string"}}],"inLanguage":"fr-FR"},{"@type":"Organization","@id":"https:\/\/echophilparis.fr\/#organization","name":"L'\u00c9cho Philharmonique \u00ab Paris \u00bb","url":"https:\/\/echophilparis.fr\/","logo":{"@type":"ImageObject","inLanguage":"fr-FR","@id":"https:\/\/echophilparis.fr\/#\/schema\/logo\/image\/","url":"","contentUrl":"","caption":"L'\u00c9cho Philharmonique \u00ab Paris \u00bb"},"image":{"@id":"https:\/\/echophilparis.fr\/#\/schema\/logo\/image\/"},"sameAs":["https:\/\/fr-fr.facebook.com\/EchoPhilharmoniqueParis\/"]}]}},"_links":{"self":[{"href":"https:\/\/echophilparis.fr\/index.php?rest_route=\/wp\/v2\/pages\/329","targetHints":{"allow":["GET"]}}],"collection":[{"href":"https:\/\/echophilparis.fr\/index.php?rest_route=\/wp\/v2\/pages"}],"about":[{"href":"https:\/\/echophilparis.fr\/index.php?rest_route=\/wp\/v2\/types\/page"}],"author":[{"embeddable":true,"href":"https:\/\/echophilparis.fr\/index.php?rest_route=\/wp\/v2\/users\/2"}],"replies":[{"embeddable":true,"href":"https:\/\/echophilparis.fr\/index.php?rest_route=%2Fwp%2Fv2%2Fcomments&post=329"}],"version-history":[{"count":5,"href":"https:\/\/echophilparis.fr\/index.php?rest_route=\/wp\/v2\/pages\/329\/revisions"}],"predecessor-version":[{"id":380,"href":"https:\/\/echophilparis.fr\/index.php?rest_route=\/wp\/v2\/pages\/329\/revisions\/380"}],"up":[{"embeddable":true,"href":"https:\/\/echophilparis.fr\/index.php?rest_route=\/wp\/v2\/pages\/15"}],"wp:attachment":[{"href":"https:\/\/echophilparis.fr\/index.php?rest_route=%2Fwp%2Fv2%2Fmedia&parent=329"}],"curies":[{"name":"wp","href":"https:\/\/api.w.org\/{rel}","templated":true}]}}