{"id":32,"date":"2017-07-03T15:39:28","date_gmt":"2017-07-03T13:39:28","guid":{"rendered":"https:\/\/echophilparis.fr\/?page_id=32"},"modified":"2026-04-19T17:34:39","modified_gmt":"2026-04-19T15:34:39","slug":"le-programme","status":"publish","type":"page","link":"https:\/\/echophilparis.fr\/?page_id=32","title":{"rendered":"Programme &amp; Concerts"},"content":{"rendered":"<div class=\"pbs-main-wrapper\"><p data-start=\"661\" data-end=\"806\">Cette saison, nous travaillons un programme riche et vari\u00e9, mettant \u00e0 l\u2019honneur des \u0153uvres expressives et contrast\u00e9es du r\u00e9pertoire symphonique :<\/p>\n<ul>\n<li style=\"list-style-type: none;\">\n<ul data-start=\"808\" data-end=\"1006\">\n<li data-section-id=\"umju0s\" data-start=\"808\" data-end=\"863\"><em data-start=\"810\" data-end=\"840\">Ouverture, Scherzo et Finale<\/em> (Op. 52) de Schumann<\/li>\n<li data-section-id=\"eiez2\" data-start=\"864\" data-end=\"922\"><em data-start=\"866\" data-end=\"890\">Le Tombeau de Couperin<\/em> (Menuet et Rigaudon) de Ravel<\/li>\n<li data-section-id=\"qhhqdx\" data-start=\"923\" data-end=\"966\"><em data-start=\"925\" data-end=\"954\">Danses populaires roumaines<\/em> de Bart\u00f3k<\/li>\n<li data-section-id=\"pxr8j9\" data-start=\"967\" data-end=\"1006\"><em data-start=\"969\" data-end=\"991\">Valse de concert n\u00b01<\/em> de Glazounov<\/li>\n<\/ul>\n<\/li>\n<\/ul>\n<p data-start=\"1008\" data-end=\"1102\">Un programme qui refl\u00e8te notre envie de partager une musique vivante, accessible et exigeante.<\/p>\n<h4><strong><br \/>PROCHAINS CONCERTS<\/strong><\/h4>\n<h6>Samedi 27 juin 2026 &#8211; 15h<\/h6>\n<p>Square des \u00c9pinettes<br \/>17\u00e8me arrondissement de Paris<\/p>\n<p><\/p>\n<h6 class=\"wp-block-heading\">Dimanche 28 juin 2026 &#8211; 15h<\/h6>\n<p><\/p>\n<p><\/p>\n<p>Square Maurice Kriegel Valrimont<br \/>18\u00e8me arrondissement de Paris<\/p>\n<p><\/p>\n<\/div>","protected":false},"excerpt":{"rendered":"<p>Cette saison, nous travaillons un programme riche et vari\u00e9, mettant \u00e0 l\u2019honneur des \u0153uvres expressives et contrast\u00e9es du r\u00e9pertoire symphonique : Ouverture, Scherzo et Finale (Op. 52) de Schumann Le Tombeau de Couperin (Menuet et Rigaudon) de Ravel Danses populaires roumaines de Bart\u00f3k Valse de concert n\u00b01 de Glazounov Un programme qui refl\u00e8te notre envie &hellip; <\/p>\n<p class=\"link-more\"><a href=\"https:\/\/echophilparis.fr\/?page_id=32\" class=\"more-link\">Continuer la lecture<span class=\"screen-reader-text\"> de &laquo;&nbsp;Programme &amp; Concerts&nbsp;&raquo;<\/span><\/a><\/p>\n","protected":false},"author":2,"featured_media":0,"parent":0,"menu_order":0,"comment_status":"closed","ping_status":"closed","template":"","meta":{"_exactmetrics_skip_tracking":false,"_exactmetrics_sitenote_active":false,"_exactmetrics_sitenote_note":"","_exactmetrics_sitenote_category":0,"footnotes":""},"class_list":["post-32","page","type-page","status-publish","hentry"],"yoast_head":"<!-- This site is optimized with the Yoast SEO plugin v27.6 - https:\/\/yoast.com\/product\/yoast-seo-wordpress\/ -->\n<title>Programme &amp; Concerts - L&#039;\u00c9cho Philharmonique<\/title>\n<meta name=\"robots\" content=\"index, follow, max-snippet:-1, max-image-preview:large, max-video-preview:-1\" \/>\n<link rel=\"canonical\" href=\"https:\/\/echophilparis.fr\/?page_id=32\" \/>\n<meta property=\"og:locale\" content=\"fr_FR\" \/>\n<meta property=\"og:type\" content=\"article\" \/>\n<meta property=\"og:title\" content=\"Programme &amp; Concerts - L&#039;\u00c9cho Philharmonique\" \/>\n<meta property=\"og:description\" content=\"Cette saison, nous travaillons un programme riche et vari\u00e9, mettant \u00e0 l\u2019honneur des \u0153uvres expressives et contrast\u00e9es du r\u00e9pertoire symphonique : Ouverture, Scherzo et Finale (Op. 52) de Schumann Le Tombeau de Couperin (Menuet et Rigaudon) de Ravel Danses populaires roumaines de Bart\u00f3k Valse de concert n\u00b01 de Glazounov Un programme qui refl\u00e8te notre envie &hellip; Continuer la lecture de &laquo;&nbsp;Programme &amp; Concerts&nbsp;&raquo;\" \/>\n<meta property=\"og:url\" content=\"https:\/\/echophilparis.fr\/?page_id=32\" \/>\n<meta property=\"og:site_name\" content=\"L&#039;\u00c9cho Philharmonique\" \/>\n<meta property=\"article:publisher\" content=\"https:\/\/fr-fr.facebook.com\/EchoPhilharmoniqueParis\/\" \/>\n<meta property=\"article:modified_time\" content=\"2026-04-19T15:34:39+00:00\" \/>\n<meta name=\"twitter:card\" content=\"summary_large_image\" \/>\n<meta name=\"twitter:label1\" content=\"Dur\u00e9e de lecture estim\u00e9e\" \/>\n\t<meta name=\"twitter:data1\" content=\"1 minute\" \/>\n<script type=\"application\/ld+json\" class=\"yoast-schema-graph\">{\"@context\":\"https:\\\/\\\/schema.org\",\"@graph\":[{\"@type\":\"WebPage\",\"@id\":\"https:\\\/\\\/echophilparis.fr\\\/?page_id=32\",\"url\":\"https:\\\/\\\/echophilparis.fr\\\/?page_id=32\",\"name\":\"Programme &amp; Concerts - L&#039;\u00c9cho Philharmonique\",\"isPartOf\":{\"@id\":\"https:\\\/\\\/echophilparis.fr\\\/#website\"},\"datePublished\":\"2017-07-03T13:39:28+00:00\",\"dateModified\":\"2026-04-19T15:34:39+00:00\",\"breadcrumb\":{\"@id\":\"https:\\\/\\\/echophilparis.fr\\\/?page_id=32#breadcrumb\"},\"inLanguage\":\"fr-FR\",\"potentialAction\":[{\"@type\":\"ReadAction\",\"target\":[\"https:\\\/\\\/echophilparis.fr\\\/?page_id=32\"]}]},{\"@type\":\"BreadcrumbList\",\"@id\":\"https:\\\/\\\/echophilparis.fr\\\/?page_id=32#breadcrumb\",\"itemListElement\":[{\"@type\":\"ListItem\",\"position\":1,\"name\":\"Accueil\",\"item\":\"https:\\\/\\\/echophilparis.fr\\\/\"},{\"@type\":\"ListItem\",\"position\":2,\"name\":\"Programme &amp; Concerts\"}]},{\"@type\":\"WebSite\",\"@id\":\"https:\\\/\\\/echophilparis.fr\\\/#website\",\"url\":\"https:\\\/\\\/echophilparis.fr\\\/\",\"name\":\"\u00c9cho Philharmonique\u00a0Paris\",\"description\":\"Orchestre symphonique amateur - Paris 18\u00e8me\",\"publisher\":{\"@id\":\"https:\\\/\\\/echophilparis.fr\\\/#organization\"},\"potentialAction\":[{\"@type\":\"SearchAction\",\"target\":{\"@type\":\"EntryPoint\",\"urlTemplate\":\"https:\\\/\\\/echophilparis.fr\\\/?s={search_term_string}\"},\"query-input\":{\"@type\":\"PropertyValueSpecification\",\"valueRequired\":true,\"valueName\":\"search_term_string\"}}],\"inLanguage\":\"fr-FR\"},{\"@type\":\"Organization\",\"@id\":\"https:\\\/\\\/echophilparis.fr\\\/#organization\",\"name\":\"L'\u00c9cho Philharmonique \u00ab Paris \u00bb\",\"url\":\"https:\\\/\\\/echophilparis.fr\\\/\",\"logo\":{\"@type\":\"ImageObject\",\"inLanguage\":\"fr-FR\",\"@id\":\"https:\\\/\\\/echophilparis.fr\\\/#\\\/schema\\\/logo\\\/image\\\/\",\"url\":\"\",\"contentUrl\":\"\",\"caption\":\"L'\u00c9cho Philharmonique \u00ab Paris \u00bb\"},\"image\":{\"@id\":\"https:\\\/\\\/echophilparis.fr\\\/#\\\/schema\\\/logo\\\/image\\\/\"},\"sameAs\":[\"https:\\\/\\\/fr-fr.facebook.com\\\/EchoPhilharmoniqueParis\\\/\"]}]}<\/script>\n<!-- \/ Yoast SEO plugin. -->","yoast_head_json":{"title":"Programme &amp; Concerts - L&#039;\u00c9cho Philharmonique","robots":{"index":"index","follow":"follow","max-snippet":"max-snippet:-1","max-image-preview":"max-image-preview:large","max-video-preview":"max-video-preview:-1"},"canonical":"https:\/\/echophilparis.fr\/?page_id=32","og_locale":"fr_FR","og_type":"article","og_title":"Programme &amp; Concerts - L&#039;\u00c9cho Philharmonique","og_description":"Cette saison, nous travaillons un programme riche et vari\u00e9, mettant \u00e0 l\u2019honneur des \u0153uvres expressives et contrast\u00e9es du r\u00e9pertoire symphonique : Ouverture, Scherzo et Finale (Op. 52) de Schumann Le Tombeau de Couperin (Menuet et Rigaudon) de Ravel Danses populaires roumaines de Bart\u00f3k Valse de concert n\u00b01 de Glazounov Un programme qui refl\u00e8te notre envie &hellip; Continuer la lecture de &laquo;&nbsp;Programme &amp; Concerts&nbsp;&raquo;","og_url":"https:\/\/echophilparis.fr\/?page_id=32","og_site_name":"L&#039;\u00c9cho Philharmonique","article_publisher":"https:\/\/fr-fr.facebook.com\/EchoPhilharmoniqueParis\/","article_modified_time":"2026-04-19T15:34:39+00:00","twitter_card":"summary_large_image","twitter_misc":{"Dur\u00e9e de lecture estim\u00e9e":"1 minute"},"schema":{"@context":"https:\/\/schema.org","@graph":[{"@type":"WebPage","@id":"https:\/\/echophilparis.fr\/?page_id=32","url":"https:\/\/echophilparis.fr\/?page_id=32","name":"Programme &amp; Concerts - L&#039;\u00c9cho Philharmonique","isPartOf":{"@id":"https:\/\/echophilparis.fr\/#website"},"datePublished":"2017-07-03T13:39:28+00:00","dateModified":"2026-04-19T15:34:39+00:00","breadcrumb":{"@id":"https:\/\/echophilparis.fr\/?page_id=32#breadcrumb"},"inLanguage":"fr-FR","potentialAction":[{"@type":"ReadAction","target":["https:\/\/echophilparis.fr\/?page_id=32"]}]},{"@type":"BreadcrumbList","@id":"https:\/\/echophilparis.fr\/?page_id=32#breadcrumb","itemListElement":[{"@type":"ListItem","position":1,"name":"Accueil","item":"https:\/\/echophilparis.fr\/"},{"@type":"ListItem","position":2,"name":"Programme &amp; Concerts"}]},{"@type":"WebSite","@id":"https:\/\/echophilparis.fr\/#website","url":"https:\/\/echophilparis.fr\/","name":"\u00c9cho Philharmonique\u00a0Paris","description":"Orchestre symphonique amateur - Paris 18\u00e8me","publisher":{"@id":"https:\/\/echophilparis.fr\/#organization"},"potentialAction":[{"@type":"SearchAction","target":{"@type":"EntryPoint","urlTemplate":"https:\/\/echophilparis.fr\/?s={search_term_string}"},"query-input":{"@type":"PropertyValueSpecification","valueRequired":true,"valueName":"search_term_string"}}],"inLanguage":"fr-FR"},{"@type":"Organization","@id":"https:\/\/echophilparis.fr\/#organization","name":"L'\u00c9cho Philharmonique \u00ab Paris \u00bb","url":"https:\/\/echophilparis.fr\/","logo":{"@type":"ImageObject","inLanguage":"fr-FR","@id":"https:\/\/echophilparis.fr\/#\/schema\/logo\/image\/","url":"","contentUrl":"","caption":"L'\u00c9cho Philharmonique \u00ab Paris \u00bb"},"image":{"@id":"https:\/\/echophilparis.fr\/#\/schema\/logo\/image\/"},"sameAs":["https:\/\/fr-fr.facebook.com\/EchoPhilharmoniqueParis\/"]}]}},"_links":{"self":[{"href":"https:\/\/echophilparis.fr\/index.php?rest_route=\/wp\/v2\/pages\/32","targetHints":{"allow":["GET"]}}],"collection":[{"href":"https:\/\/echophilparis.fr\/index.php?rest_route=\/wp\/v2\/pages"}],"about":[{"href":"https:\/\/echophilparis.fr\/index.php?rest_route=\/wp\/v2\/types\/page"}],"author":[{"embeddable":true,"href":"https:\/\/echophilparis.fr\/index.php?rest_route=\/wp\/v2\/users\/2"}],"replies":[{"embeddable":true,"href":"https:\/\/echophilparis.fr\/index.php?rest_route=%2Fwp%2Fv2%2Fcomments&post=32"}],"version-history":[{"count":17,"href":"https:\/\/echophilparis.fr\/index.php?rest_route=\/wp\/v2\/pages\/32\/revisions"}],"predecessor-version":[{"id":575,"href":"https:\/\/echophilparis.fr\/index.php?rest_route=\/wp\/v2\/pages\/32\/revisions\/575"}],"wp:attachment":[{"href":"https:\/\/echophilparis.fr\/index.php?rest_route=%2Fwp%2Fv2%2Fmedia&parent=32"}],"curies":[{"name":"wp","href":"https:\/\/api.w.org\/{rel}","templated":true}]}}